e ten thousands digit of 64587326?
8
What is the ten thousands digit of 185414399?
1
What is the hundred thousands digit of 21673573?
6
What is the hundred thousands digit of 2486436283?
4
What is the hundreds digit of 4796273513?
5
What is the units digit of 474486576?
6
What is the ten thousands digit of 13771576?
7
What is the ten millions digit of 290327515?
9
What is the tens digit of 173561158?
5
What is the ten millions digit of 109259680?
0
What is the ten millions digit of 797993127?
9
What is the tens digit of 85344772?
7
What is the hundreds digit of 484503957?
9
What is the ten thousands digit of 2993905616?
0
What is the tens digit of 905341279?
7
What is the units digit of 33895933?
3
What is the tens digit of 92588302?
0
What is the hundred millions digit of 1047794916?
0
What is the ten millions digit of 4433639680?
3
What is the tens digit of 80005159?
5
What is the hundred thousands digit of 74219931?
2
What is the ten thousands digit of 670083989?
8
What is the millions digit of 152069784?
2
What is the hundred thousands digit of 59532864?
5
What is the thousands digit of 4671149337?
9
What is the thousands digit of 423737025?
7
What is the ten thousands digit of 244894445?
9
What is the millions digit of 1465722263?
5
What is the hundreds digit of 117504625?
6
What is the ten thousands digit of 302536438?
3
What is the ten millions digit of 53232863?
5
What is the hundred thousands digit of 180239574?
2
What is the hundred millions digit of 387587530?
3
What is the thousands digit of 15761669?
1
What is the units digit of 707910425?
5
What is the ten thousands digit of 662653723?
5
What is the ten thousands digit of 1005975101?
7
What is the units digit of 489312387?
7
What is the hundreds digit of 486042193?
1
What is the units digit of 63924790?
0
What is the hundred thousands digit of 400854949?
8
What is the millions digit of 852392584?
2
What is the millions digit of 1290277407?
0
What is the thousands digit of 1603805198?
5
What is the tens digit of 7115856?
5
What is the ten thousands digit of 141670141?
7
What is the ten millions digit of 54829692?
5
What is the hundreds digit of 104617990?
9
What is the thousands digit of 34591516?
1
What is the hundreds digit of 666668327?
3
What is the hundreds digit of 681026547?
5
What is the hundred millions digit of 756187617?
7
What is the ten thousands digit of 7300014?
0
What is the tens digit of 84017676?
7
What is the hundred millions digit of 443950937?
4
What is the hundreds digit of 411798663?
6
What is the units digit of 1987030594?
4
What is the tens digit of 64154224?
2
What is the hundred thousands digit of 2774013317?
0
What is the hundreds digit of 3861101232?
2
What is the tens digit of 1121770624?
2
What is the ten thousands digit of 928513493?
1
What is the tens digit of 14824035?
3
What is the thousands digit of 792802739?
2
What is the hundred millions digit of 529522640?
5
What is the ten thousands digit of 230281446?
8
What is the millions digit of 608655037?
8
What is the thousands digit of 41573109?
3
What is the ten thousands digit of 27954096?
5
What is the hundreds digit of 53598777?
7
What is the tens digit of 2841304564?
6
What is the millions digit of 309769869?
9
What is the ten millions digit of 79754233?
7
What is the billions digit of 1585887409?
1
What is the units digit of 159822610?
0
What is the thousands digit of 8772257108?
7
What is the tens digit of 2524027329?
2
What is the thousands digit of 3137338082?
8
What is the hundred thousands digit of 49467224?
4
What is the thousands digit of 246973004?
3
What is the millions digit of 62230639?
2
What is the hundred thousands digit of 73202655?
2
What is the units digit of 483754665?
5
What is the ten millions digit of 528239802?
2
What is the hundred thousands digit of 203747820?
7
What is the millions digit of 1979301076?
9
What is the ten millions digit of 225998404?
2
What is the hundred thousands digit of 53101623?
1
What is the ten millions digit of 3293612280?
9
What is the units digit of 24643180?
0
What is the thousands digit of 150066838?
6
What is the millions digit of 33178667?
3
What is the units digit of 66724908?
8
What is the ten millions digit of 693926074?
9
What is the hundred millions digit of 555177486?
5
What is the hundred millions digit of 1146176413?
1
What is the thousands digit of 36142441?
2
What is the thousands digit of 8372527?
2
What is the hundred thousands digit of 71249306?
2
What is the units digit of 325026297?
7
What is the hundred thousands digit of 100778969?
7
What is the hundreds digit of 7882912?
9
What is the millions digit of 314846244?
4
What is the millions digit of 1835943302?
5
What is the billions digit of 1288804748?
1
What is the ten millions digit of 423449970?
2
What is the millions digit of 253421978?
3
What is the hundred thousands digit of 649118?
6
What is the hundred thousands digit of 159830839?
8
What is the units digit of 397998519?
9
What is the tens digit of 2297052053?
5
What is the thousands digit of 29478607?
8
What is the millions digit of 2953910023?
3
What is the hundred thousands digit of 984742578?
7
What is the tens digit of 254847981?
8
What is the millions digit of 305254316?
5
What is the ten millions digit of 1188388118?
8
What is the tens digit of 2050572899?
9
What is the ten millions digit of 15864314?
1
What is the hundreds digit of 6416644286?
2
What is the ten thousands digit of 1386368165?
6
What is the hundreds digit of 410345957?
9
What is the hundreds digit of 170959557?
5
What is the tens digit of 78439484?
8
What is the ten thousands digit of 545244313?
4
What is the millions digit of 644710245?
4
What is the hundred thousands digit of 535514014?
5
What is the hundred millions digit of 195407827?
1
What is the hundred thousands digit of 476854454?
8
What is the tens digit of 509406?
0
What is the hundreds digit of 10377149?
1
What is the hundred millions digit of 4733126791?
7
What is the hundred millions digit of 305734083?
3
What is the millions digit of 53172239?
3
What is the hundred thousands digit of 25626621?
6
What is the units digit of 7129701953?
3
What is the thousands digit of 1298715704?
5
What is the hundreds digit of 55527676?
6
What is the hundreds digit of 1144537?
5
What is the ten thousands digit of 481469466?
6
What is the hundred thousands digit of 1599218857?
2
What is the units digit of 38154578?
8
What is the hundreds digit of 6851497375?
3
What is the ten thousands digit of 223177501?
7
What is the units digit of 67314472?
2
What is the ten thousands digit of 348578427?
7
What is the thousands digit of 133696262?
6
What is the ten thousands digit of 1921682629?
8
What is the hundred thousands digit of 658210927?
2
What is the ten millions digit of 850511944?
5
What is the millions digit of 158422581?
8
What is the hundred thousands digit of 3546265334?
2
What is the thousands digit of 474155593?
5
What is the hundred thousands digit of 88352961?
3
What is the tens digit of 485898090?
9
What is the tens digit of 47023739?
3
What is the millions digit of 108606073?
8
What is the hundreds digit of 81161050?
0
What is the ten thousands digit of 8619443?
1
What is the ten millions digit of 353769331?
5
What is the hundreds digit of 68673253?
2
What is the tens digit of 63046?
4
What is the hundred thousands digit of 295267322?
2
What is the hundred thousands digit of 61214854?
2
What is the ten thousands digit of 132308088?
0
What is the hundreds digit of 69422777?
7
What is the hundred thousands digit of 5641238723?
2
What is the millions digit of 49802221?
9
What is the units digit of 112891194?
4
What is the millions digit of 1333086264?
3
What is the tens digit of 108820040?
4
What is the tens digit of 197649669?
6
What is the thousands digit of 596962160?
2
What is the millions digit of 147331113?
7
What is the thousands digit of 717176125?
6
What is the hundreds digit of 39464373?
3
What is the hundred millions digit of 204625762?
2
What is the ten millions digit of 27586103?
2
What is the units digit of 3985183583?
3
What is the tens digit of 50683513?
1
What is the millions digit of 9563391?
9
What is the ten millions digit of 362287287?
6
What is the units digit of 1726